
            {"id":17,"date":"2013-12-20T18:17:09","date_gmt":"2013-12-20T17:17:09","guid":{"rendered":"http:\/\/cotrasvi.com\/?page_id=17"},"modified":"2019-03-22T10:43:48","modified_gmt":"2019-03-22T09:43:48","slug":"noticias","status":"publish","type":"page","link":"https:\/\/cotrasvi.com\/?page_id=17","title":{"rendered":"Noticias"},"content":{"rendered":"<p><u>NOTA INFORMATIVA<\/u><\/p>\n<p>TODOS LOS TRABAJADORES <strong>EVENTUALES<\/strong>\u00a0 QUE PRESENTEN \u00a0EN EL INSTITUTO SOCIAL DE LA MARINA\u00a0 EL CERTIFICADO DE EMPRESA Y SOLICITUD DE REANUDACI\u00d3N AGRUPADA DE PRESTACIONES POR DESEMPLEO, EN EL MES DE DICIEMBRE LA CASA DEL MAR S\u00d3LO LOS RECOGER\u00c1N\u00a0 LOS D\u00cdAS <strong><u>21, 22, 23 Y 28 .<\/u><\/strong><\/p>\n<p>&nbsp;<\/p>\n<p>ME HAN COMENTADO QUE ES MEJOR NO ESPERAR AL D\u00cdA 28 DE DICIEMBRE PARA PRESENTARLO.<\/p>\n<p>&nbsp;<\/p>\n<p>ATENTAMENTE,<\/p>\n<p>Sociedad Cooperativa Cotrasvi<\/p>\n","protected":false},"excerpt":{"rendered":"<p>NOTA INFORMATIVA TODOS LOS TRABAJADORES EVENTUALES\u00a0 QUE PRESENTEN \u00a0EN EL INSTITUTO SOCIAL DE LA MARINA\u00a0 EL CERTIFICADO DE EMPRESA Y SOLICITUD DE REANUDACI\u00d3N AGRUPADA DE PRESTACIONES POR DESEMPLEO, EN EL MES DE DICIEMBRE LA CASA DEL MAR S\u00d3LO LOS RECOGER\u00c1N\u00a0 LOS D\u00cdAS 21, 22, 23 Y 28 . &nbsp; ME HAN COMENTADO QUE ES MEJOR [&hellip;]<\/p>\n","protected":false},"author":2,"featured_media":0,"parent":0,"menu_order":0,"comment_status":"closed","ping_status":"closed","template":"","meta":{"footnotes":""},"class_list":["post-17","page","type-page","status-publish","hentry"],"_links":{"self":[{"href":"https:\/\/cotrasvi.com\/index.php?rest_route=\/wp\/v2\/pages\/17","targetHints":{"allow":["GET"]}}],"collection":[{"href":"https:\/\/cotrasvi.com\/index.php?rest_route=\/wp\/v2\/pages"}],"about":[{"href":"https:\/\/cotrasvi.com\/index.php?rest_route=\/wp\/v2\/types\/page"}],"author":[{"embeddable":true,"href":"https:\/\/cotrasvi.com\/index.php?rest_route=\/wp\/v2\/users\/2"}],"replies":[{"embeddable":true,"href":"https:\/\/cotrasvi.com\/index.php?rest_route=%2Fwp%2Fv2%2Fcomments&post=17"}],"version-history":[{"count":4,"href":"https:\/\/cotrasvi.com\/index.php?rest_route=\/wp\/v2\/pages\/17\/revisions"}],"predecessor-version":[{"id":6105,"href":"https:\/\/cotrasvi.com\/index.php?rest_route=\/wp\/v2\/pages\/17\/revisions\/6105"}],"wp:attachment":[{"href":"https:\/\/cotrasvi.com\/index.php?rest_route=%2Fwp%2Fv2%2Fmedia&parent=17"}],"curies":[{"name":"wp","href":"https:\/\/api.w.org\/{rel}","templated":true}]}}